ns digit of 11144822?
2
What is the ten thousands digit of 17072670?
7
What is the units digit of 2487978234?
4
What is the hundred thousands digit of 948458554?
4
What is the tens digit of 173226745?
4
What is the millions digit of 443485398?
3
What is the ten thousands digit of 378862690?
6
What is the millions digit of 32549335?
2
What is the units digit of 2239584594?
4
What is the thousands digit of 29580687?
0
What is the hundred millions digit of 1468404861?
4
What is the units digit of 436066839?
9
What is the tens digit of 5510692437?
3
What is the ten millions digit of 434653306?
3
What is the billions digit of 7030611004?
7
What is the hundreds digit of 944547501?
5
What is the thousands digit of 374265244?
5
What is the tens digit of 29730795?
9
What is the millions digit of 105605431?
5
What is the tens digit of 746528979?
7
What is the units digit of 36272199?
9
What is the billions digit of 1277005966?
1
What is the hundred thousands digit of 350190309?
1
What is the thousands digit of 148977590?
7
What is the ten millions digit of 577974532?
7
What is the hundred thousands digit of 87491727?
4
What is the ten thousands digit of 73707418?
0
What is the thousands digit of 354524333?
4
What is the thousands digit of 65003368?
3
What is the thousands digit of 78252498?
2
What is the hundred thousands digit of 171217857?
2
What is the thousands digit of 99796667?
6
What is the tens digit of 300892165?
6
What is the thousands digit of 144056125?
6
What is the hundreds digit of 1658306083?
0
What is the units digit of 18517242?
2
What is the ten thousands digit of 402269858?
6
What is the millions digit of 137455506?
7
What is the hundreds digit of 484080109?
1
What is the hundreds digit of 71039858?
8
What is the units digit of 107781213?
3
What is the hundreds digit of 72975887?
8
What is the hundred thousands digit of 91084511?
0
What is the units digit of 78566594?
4
What is the hundred millions digit of 1228897559?
2
What is the units digit of 4554810642?
2
What is the thousands digit of 59787875?
7
What is the hundreds digit of 333707581?
5
What is the ten thousands digit of 2190178875?
7
What is the ten thousands digit of 1652424540?
2
What is the ten thousands digit of 16446628?
4
What is the millions digit of 80861658?
0
What is the hundred thousands digit of 265623900?
6
What is the thousands digit of 57980397?
0
What is the thousands digit of 318592192?
2
What is the thousands digit of 254157518?
7
What is the thousands digit of 135672095?
2
What is the tens digit of 356148590?
9
What is the hundreds digit of 105822993?
9
What is the hundred thousands digit of 15400395?
4
What is the ten millions digit of 68797239?
6
What is the millions digit of 59501755?
9
What is the thousands digit of 14605787?
5
What is the millions digit of 473126080?
3
What is the ten thousands digit of 14259209?
5
What is the tens digit of 478460226?
2
What is the thousands digit of 39155015?
5
What is the hundred millions digit of 647969961?
6
What is the thousands digit of 90691418?
1
What is the thousands digit of 1498528?
8
What is the hundred thousands digit of 9292618631?
6
What is the ten millions digit of 517324738?
1
What is the units digit of 55748917?
7
What is the tens digit of 53760932?
3
What is the units digit of 93108352?
2
What is the units digit of 45289327?
7
What is the ten millions digit of 39046956?
3
What is the units digit of 992525652?
2
What is the hundred millions digit of 168081254?
1
What is the hundred thousands digit of 67763955?
7
What is the ten millions digit of 10708166?
1
What is the ten millions digit of 250140791?
5
What is the ten thousands digit of 122684694?
8
What is the hundred thousands digit of 67207612?
2
What is the ten millions digit of 756929777?
5
What is the tens digit of 62199475?
7
What is the tens digit of 2911642473?
7
What is the ten thousands digit of 821422067?
2
What is the ten millions digit of 2558507083?
5
What is the millions digit of 2257610230?
7
What is the units digit of 1378318355?
5
What is the ten millions digit of 5711153692?
1
What is the hundred thousands digit of 340374302?
3
What is the millions digit of 34556312?
4
What is the hundred thousands digit of 684703669?
7
What is the thousands digit of 151605351?
5
What is the hundreds digit of 280976067?
0
What is the hundreds digit of 75517626?
6
What is the thousands digit of 1331289904?
9
What is the hundreds digit of 47451534?
5
What is the ten millions digit of 369513768?
6
What is the hundred millions digit of 613046358?
6
What is the hundred thousands digit of 136571960?
5
What is the tens digit of 23119839?
3
What is the ten millions digit of 3694772275?
9
What is the millions digit of 530453166?
0
What is the millions digit of 909246602?
9
What is the tens digit of 31661897?
9
What is the hundred thousands digit of 7945520557?
5
What is the units digit of 282912820?
0
What is the hundreds digit of 63876330?
3
What is the units digit of 993024476?
6
What is the hundreds digit of 2870579?
5
What is the tens digit of 826962664?
6
What is the tens digit of 444154267?
6
What is the hundred millions digit of 1557424728?
5
What is the hundreds digit of 199019130?
1
What is the ten millions digit of 155898937?
5
What is the ten millions digit of 1089317391?
8
What is the units digit of 332169676?
6
What is the units digit of 144355954?
4
What is the millions digit of 80551207?
0
What is the hundreds digit of 2172567677?
6
What is the thousands digit of 7686244?
6
What is the units digit of 1768413805?
5
What is the hundred thousands digit of 191875654?
8
What is the hundred thousands digit of 61952938?
9
What is the hundred thousands digit of 26403660?
4
What is the units digit of 139255680?
0
What is the ten millions digit of 11559897?
1
What is the millions digit of 325848676?
5
What is the ten millions digit of 36168586?
3
What is the ten thousands digit of 603258683?
5
What is the tens digit of 1188273441?
4
What is the ten millions digit of 271627657?
7
What is the hundred millions digit of 282314070?
2
What is the tens digit of 26490284?
8
What is the hundred millions digit of 258963355?
2
What is the hundreds digit of 130750420?
4
What is the units digit of 71634793?
3
What is the tens digit of 337418449?
4
What is the hundred millions digit of 607044671?
6
What is the units digit of 48303914?
4
What is the thousands digit of 272871576?
1
What is the millions digit of 89516625?
9
What is the thousands digit of 262676286?
6
What is the ten millions digit of 210045424?
1
What is the units digit of 569214439?
9
What is the millions digit of 432854438?
2
What is the thousands digit of 213675796?
5
What is the units digit of 1491317571?
1
What is the units digit of 1030733755?
5
What is the tens digit of 494983456?
5
What is the units digit of 2604151360?
0
What is the hundred thousands digit of 18070562?
0
What is the thousands digit of 133640066?
0
What is the thousands digit of 191996026?
6
What is the hundred millions digit of 243750582?
2
What is the units digit of 82135752?
2
What is the thousands digit of 377602417?
2
What is the units digit of 169116029?
9
What is the hundred thousands digit of 384747354?
7
What is the ten millions digit of 733703065?
3
What is the hundred thousands digit of 220879041?
8
What is the ten millions digit of 665194593?
6
What is the millions digit of 146054353?
6
What is the ten thousands digit of 2666658265?
5
What is the hundred thousands digit of 487621450?
6
What is the units digit of 3315849?
9
What is the hundreds digit of 12716536?
5
What is the hundred millions digit of 823451197?
8
What is the hundred thousands digit of 105144687?
1
What is the hundreds digit of 1522222360?
3
What is the units digit of 67906601?
1
What is the hundred thousands digit of 783093670?
0
What is the hundreds digit of 127277714?
7
What is the hundred millions digit of 117504277?
1
What is the millions digit of 69775194?
9
What is the units digit of 37759452?
2
What is the ten millions digit of 213278692?
1
What is the ten millions digit of 1141269203?
4
What is the hundreds digit of 799716245?
2
What is the hundred thousands digit of 54861276?
8
What is the hundred millions digit of 5917341523?
9
Wh